 second derivative of 1/2*o**d + 1/3*o**3 - 5*o + 0. Determine g(-4).
-7
Let d(k) be the first derivative of -k**3/3 + 9*k**2/2 + k + 16. Give d(9).
1
Let q(h) = -13*h**3 - 11*h**2 + 7*h - 3. Let x(w) = 14*w**3 + 13*w**2 - 8*w + 4. Let t(p) = 6*q(p) + 5*x(p). Give t(-2).
58
Let n(s) = s**3 + 6*s**2 + 4*s - 1. Let a = 29 - 24. Suppose 2*g + a = g. Determine n(g).
4
Let q(w) = -w**3 - 10*w**2 + 9*w - 11. Suppose -9 = -3*m, 32*f = 29*f + 4*m - 45. Determine q(f).
11
Let d(l) = l**3 + 5*l**2 - 9*l - 2. Let t = 181 - 187. What is d(t)?
16
Let g(p) be the second derivative of 1/12*p**4 + 3/20*p**5 - 1/2*p**3 + 7*p + p**2 + 0. Give g(2).
24
Let z(a) = 22*a**3 - a**2 + a - 1. Let q be z(1). Let n be q/9 - (-4)/(-12). Let o(l) = -3*l**n - 5*l + 1 + 3*l + 3*l - 3*l. Determine o(-2).
-7
Let p(h) = 0 - 8 - 4*h + 2*h + 3*h. Let o = 1 + 6. Determine p(o).
-1
Let a = 1 - 3. Let b(o) be the second derivative of -o**5/20 + o**4/6 + o**3/6 - o**2/2 - 1428*o. Give b(a).
13
Let u(y) = -4*y**2 + 1. Let j = 1280 + -1278. Give u(j).
-15
Let s(g) = g**2 - 7*g - 21. Let u be 6 + (-2)/(-2) + -4. Let h be 2/(-6) + 28/u. Let a be s(h). Let l(w) = -w**3 - 4*w**2 - 3*w - 3. Calculate l(a).
-3
Let q(i) = -i**3 + 9*i**2 + 12*i - 1. Let k(v) = 17*v**3 + 69*v**2 + v - 2. Let x be k(-4). Give q(x).
19
Let q(v) = v + 1. Let u be q(1). Suppose -1 = 5*b - 5*z - 31, -2*b = u*z. Let d(c) = c**2 + 0*c**2 + 2*c**2 - c**b - 2*c**2. Determine d(2).
-4
Let i(h) = 17*h + 11. Let y(k) = 4*k + 3. Let q(n) = -2*i(n) + 9*y(n). Let z(x) be the second derivative of 5*x**3/6 - x. Let o be z(-1). Determine q(o).
-5
Suppose 2*n + 32 = 5*f, 2*f = 6*f - n - 28. Let l(u) = -7*u**2 + u + 12. Let k(x) = x**2 + x - 1. Suppose -10 = -v - 9. Let p(m) = v*l(m) + 6*k(m). Give p(f).
-2
Let u(f) = -f**3 + 8*f**2 + 10*f - 8. Let v be u(9). Let s(a) = a - 1. Let m(d) = 2*d - 2. Let y be (1/(-2))/((-2)/(-4)). Let c(b) = y*m(b) + 3*s(b). Give c(v).
0
Let w be 59/10 - (-22)/220. Let k(l) = -l**3 + 6*l**2 - 3*l + 5. Give k(w).
-13
Let c = -27 - -29. Let a(r) = r**2 - r - 1. Let y(w) = w**3 + w**2 - 3. Let k(h) = 3*a(h) - y(h). Determine k(c).
-6
Let r(o) = -6*o**2 - 2*o - 1. Suppose 17*c - 16*c = 9. Suppose 0 = 6*i + c*i + 15. Give r(i).
-5
Let k be 2/2 - (10 - 15). Let v(p) = p**3 - 8*p**2 + 5*p + 5. What is v(k)?
-37
Let v(r) = -18*r**2 + 2244*r - 6 - 2245*r + 0 + 6. Give v(-1).
-17
Let a(v) = -113*v**3 + 4*v**2 - 116*v**3 + 3 - 116*v**3 + 346*v**3 - 2*v. Calculate a(-4).
11
Let l(s) = 2*s**3 - 3*s**2 - 14*s + 14. Let n(g) = g**3 - g**2 - 7*g + 7. Let k(a) = 3*l(a) - 5*n(a). Give k(5).
-3
Let m(y) = -y**2 - 22*y - 28. Let b be m(-23). Let n = 49 + b. Let o(r) = -3*r**2 - 2*r + 2. Determine o(n).
-6
Let z(x) = x**2 - 13*x - 1. Suppose -329*a = -319*a - 130. Determine z(a).
-1
Let g(u) = 10*u**2 + 5*u - 5. Let i(r) = -8 + 3 + 6 - r**2 - r. Let h(y) = -g(y) - 3*i(y). Determine h(-2).
-22
Let l(x) = -x**3 + 6*x**2 - 5*x + 1. Let a(p) = -1 + p + 1 - 2*p + 8. Let k be a(3). Calculate l(k).
1
Let g(s) be the second derivative of s**4/12 - 7*s**3/6 + s**2/2 + s. Let z(r) = r**3 - 11*r**2 - 16*r + 10. Let l be z(13). Let w = l + -134. Calculate g(w).
-5
Let v(h) = -5*h. Let n(c) be the second derivative of -1/3*c**3 + 0 + 3/2*c**2 - 1/20*c**5 + 1/6*c**4 - 3*c. Let j be n(2). Determine v(j).
5
Let y(h) = 7*h**3 - 4*h + 7. Let o(z) = -4*z**3 + 2*z - 3. Let n(i) = 9*o(i) + 4*y(i). Calculate n(-1).
7
Let b(g) = 3*g**2 - g + 1. Let s be -1*8*(-24)/(-8). Let w = -20 - s. Suppose 5*j + 5*x = x + 22, j + w = 2*x. Give b(j).
11
Suppose -3*o + 5*a = -19, a = -o - 0*a + 1. Suppose 0*t - o*y = t + 6, -4*t = 5*y + 17. Let k(c) = c**2. What is k(t)?
9
Let l(y) = y**3 + 2*y**2 - y + 3. Let q be l(-3). Let d(g) = -g**3 - 3*g**2 - g - 4. Determine d(q).
-1
Let z(a) = 3 + 0*a + a + 2. Let x(d) = -2*d**2 + 3. Suppose -2 = -26*q + 27*q. Let b be x(q). Give z(b).
0
Let u(n) = n + 8. Let r(p) = p + 8. Suppose -3*v - 16 = -m, -m - 3*v = -0*m + 8. Let z(i) = m*u(i) - 3*r(i). Let x be (-87)/18 + 2/(-12). What is z(x)?
3
Let h(g) = g**2 - 20*g + 43. Let f be (-124)/(-31)*(-27)/(-6). What is h(f)?
7
Let c be ((-1)/1)/((-1)/4). Suppose 2*w - w = -5*d + 7, -c = 2*d - 3*w. Let u(y) be the first derivative of 4*y**3/3 - y**2 + y + 5. Give u(d).
3
Let o(p) = -5*p**2. Suppose -96 + 6 = 30*t. Let q(r) = 7*r**2 - r**2 - 2*r**2. Let i(n) = t*o(n) - 4*q(n). Calculate i(2).
-4
Let n = -62 + -73. Let i be (4/(-10))/((-9)/n). Let h(s) = 4*s**2 - s + 3. Let b(c) = 5*c**2 - c + 4. Let o(u) = i*h(u) + 5*b(u). Determine o(-4).
14
Let a be 15 + -5 + 2 + 4. Suppose 0 = -4*d + 12*d - a. Let u(h) = -h**3 + 2*h**2 + 2. Calculate u(d).
2
Let l = 2 - 0. Let v(d) = 19 + d - 17 + l*d. Suppose 3 = -2*y - 3. What is v(y)?
-7
Let a = 13 - 11. Suppose -a*w + 2 = 3*i, -i + 2 + 2 = 0. Let v = -2 - w. Let m(d) = -3*d + 2. Calculate m(v).
-7
Let x(l) be the first derivative of l**2 - 11*l - 10. Let s be x(6). Let v be (s/((-3)/6))/(-1). Let f(a) = a**3 + a**2 - 1. Calculate f(v).
11
Let d(t) = 3*t - 3 - t**2 + 6 - 1. Let r be (-754)/232 + 66/8. What is d(r)?
-8
Let j = -453 + 456. Let c(f) = -f**2 + 7*f - 3. Determine c(j).
9
Suppose 0 = -4*j + 5*d + 12, 5*j + 5*d = -0*j - 30. Let x(u) = 26*u + 2. Calculate x(j).
-50
Let g = -172 - -167. Suppose -3*l + 2*l + 1 = 0. Let q(x) = 4*x**2 + 11*x - 1. Let y(p) = p**2 + p + 1. Let u(c) = g*y(c) + l*q(c). Calculate u(6).
-6
Let o(q) = 145*q**2 - 170 + 138 - 146*q**2 + 14*q. What is o(11)?
1
Let j(f) = 8 - 5*f + 2*f**2 - 9 + 3*f. Suppose 8 = 2*y - 0*y. Suppose 0*q + y = 2*q. Determine j(q).
3
Let o(w) = -w**2 - 12*w - 23. Let t be -5*3/15*3. Calculate o(t).
4
Suppose -24 = -9*i + i. Suppose 10 = -w - i*u, 5*w + 3*u + 7 + 19 = 0. Let f(n) = -n**3 - 2*n**2 + 4*n - 5. Give f(w).
11
Let k(t) = 4*t**3 + t**2 - t + 1. Let j(b) be the second derivative of 1/6*b**3 + 0 - 9/2*b**2 + 2*b. Let q be j(10). Give k(q).
5
Suppose 2 = 2*i - 4. Let p(w) = -2*w**3 - 3*w**2 - 4*w - 1. Let j(f) = f**3 + f**2 + f + 1. Let a(k) = i*j(k) + p(k). Calculate a(0).
2
Let z(c) = c + 2. Let y(a) = 7*a - 5. Let v(x) = y(x) + 2*z(x). Calculate v(-1).
-10
Let a = -287 - -273. Let s(u) = -2*u - 35. Calculate s(a).
-7
Let i(p) = -p**3 - 5*p**2 + 2*p + 4. Let z(q) = -q**3 - 5*q**2 + 2*q + 3. Let x(n) = 4*i(n) - 5*z(n). Give x(-5).
11
Let m(d) = -14 - 10*d**2 + 2*d - 11*d**2 + d**3 + 11*d**2. Calculate m(10).
6
Let n(s) = -8*s - 3. Let u be n(-2). Let b = -6 + u. Let a(x) = x**2 + 5*x - 1. Let z(o) = 4*o**2 + 16*o - 4. Let d(w) = b*a(w) - 2*z(w). Determine d(5).
-9
Let a(w) = -2*w**2 + 6*w + 4. Let c(n) = n**2 - 3*n - 2. Suppose -2 + 8 = 2*f. Let b(g) = f*a(g) + 5*c(g). Give b(5).
-8
Let u be (-1 + -2)/((-27)/45). Let d(b) be the first derivative of b**4/12 - 2*b**3/3 - 3*b**2 - b - 1. Let w(r) be the first derivative of d(r). Give w(u).
-1
Let a(g) = -g**2 - 4*g + 2. Let u be a(-4). Suppose u*s = 7*s - 4*m - 36, 31 = 4*s - m. Suppose s = h + 11. Let r(q) = q**2 + 3*q + 3. Give r(h).
3
Let m(o) = -o**3 + 2*o**2 + 2*o + 1. Let a be m(-1). Let w(f) = -3*f - 24. Let n(r) = r + 8. Suppose q = 4*q - 21. Let i(t) = a*w(t) + q*n(t). Determine i(6).
14
Let b = 3 - 6. Let i(q) = 2*q - 5. Let z(s) = s - 7. Let c(u) = b*z(u) + 2*i(u). What is c(-5)?
6
Let z(h) = -3*h**2 + 9*h - 6. Let y be 5/(-20) - 3/4. Let w = -2 + y. Let j(c) = -4*c**2 + 10*c - 7. Let u(m) = w*z(m) + 2*j(m). What is u(6)?
-2
Let u be 2 - 6 - (7/(-2) + -1). Let q(y) be the second derivative of u*y**2 + 1/10*y**5 + 0*y**3 - 1/6*y**4 - 5*y + 0. Determine q(-1).
-3
Suppose -10*p + 33 = p. Suppose -4*t - p*m = -18, -2*m = -2 - 2. Let y(g) = -2*g**2 + 2*g + 4. What is y(t)?
-8
Let p(h) = h**3 - h**2 - h + 2. Let m(v) = 4*v**3 - 2*v**2 - 2*v + 4. Let w(s) = m(s) - 3*p(s). Let l be -1 - -2 - (-6 - -7). Calculate w(l).
-2
Suppose -5*b + 38 + 17 = 0. Let w = 6 - b. Let z(x) = 1 + 46*x + 1 - 47*x - 10. Calculate z(w).
-3
Let x(j) be the third derivative of -j**6/120 + 2*j**5/15 + 7*j**4/24 + 2*j**3/3 + j**2 - 8. Suppose -11 = w - 4*a, -a + 14 = w - 0*a. What is x(w)?
-14
Let g(p) = 6*p**2 - 13*p + 15. Let q(j) = -j**2 - j - 1. Let f(r) = g(r) + 4*q(r). Let m be f(8). Let u(b) = b**3 - 3*b**2 + 3*b - 3. Determine u(m).
6
Let k(j) be the second derivative of -j**3/6 - 2*j**2 + j + 25. What is k(-11)?
7
Let t = 11 - 5. Let b(n